/8 - 2/8. Suppose 2*a - s - 6 = 0, -30 = -l*a - 9*s + 4*s. Suppose -x + a*c = -39, 0*c = -c - 4. What is the remainder when 37 is divided by x?
18
Suppose 2*f = 6*f - 8. Suppose -p + 3*q - 4 = 0, -p + f*p + 2*q = 6. Suppose z + 5 = p*z. What is the remainder when z is divided by 3?
2
Let x = 65 + -54. Suppose 4*l + 31 = w, 0*w = 3*w - l - 60. Calculate the remainder when w is divided by x.
8
Let l = 10 + -9. Let b(q) = 20*q + 1. Calculate the remainder when b(l) is divided by 12.
9
Suppose -4*i = -5*i + 7. Suppose -m - 4*u = 13, 17*m + 5*u = 19*m - 26. Calculate the remainder when i is divided by m.
1
Suppose 0 = 7*t - 216 + 62. Let a(o) = -3*o - 3. What is the remainder when t is divided by a(-3)?
4
Let f = 35 - 13. Suppose -4*u - 8 = -2*a, 0 = -5*a + 5*u - 12 + 42. Calculate the remainder when f is divided by a.
6
Suppose -3*t + 43 = -5*a, -41 = 4*a + t - 10. Let u = 8 - a. What is the remainder when 31 is divided by u?
15
Suppose -4*t + 3*i + 76 = 0, 0 = -2*i - 3 + 11. What is the remainder when t is divided by 5?
2
Suppose -l - 5*l + 348 = 0. Let s = -14 - -9. What is the remainder when l is divided by -4*(s - 0) - 0?
18
Suppose 4*q - 40 = 28. Suppose t = 2, 6*t + 12 = 4*h + 2*t. What is the remainder when q is divided by h?
2
Suppose -245 = -2*k - 3*k. Calculate the remainder when k is divided by 17.
15
Let d = -4 + 1. Let v be ((-345)/d + 1)/1. Suppose 0 = 3*k - 0*k - 4*w - 62, 3*w - v = -4*k. Calculate the remainder when k is divided by 7.
5
Let i = -6 - -10. What is the remainder when i is divided by -6*-1*4/8?
1
Calculate the remainder when 77 is divided by ((-64)/(-16))/((-2)/(-10)).
17
Let k(q) = q**2 + 2*q + 13. Let n be k(-9). Let x = n - 16. What is the remainder when x is divided by 16?
12
Suppose 2*t + 1895 = 3*k, -2*t + 980 = -3*t - 5*k. Calculate the remainder when 4/(-6) - t/15 is divided by 16.
15
Suppose -4*u - 684 = -4*x, -77 = -x - 4*u + 99. What is the remainder when x is divided by 35?
32
Suppose 5*f + l = -3*l + 57, -3*l + 9 = 0. Let t(g) = -g**3 - 12*g**2 - 4*g - 23. What is the remainder when t(-12) is divided by f?
7
Suppose -2*l + 4*i + 31 = -63, -3*l - 5*i + 185 = 0. Let g(a) = -7*a - 2. Calculate the remainder when l is divided by g(-3).
17
Let z = -46 + 74. Calculate the remainder when z is divided by 15.
13
Suppose 3*q + 0*q = 9. Let a(w) = -w + 15. Calculate the remainder when a(7) is divided by q.
2
Let x be (4 + -2 + -3)*-51. Let z = x + -16. Calculate the remainder when z is divided by 12.
11
Let d = 3 - -1. What is the remainder when 11 is divided by d?
3
Suppose 5*q - 28 = q. Suppose -3*y = 86 + 4. Let s = y + 56. Calculate the remainder when s is divided by q.
5
Suppose -2*x - 40 = 3*w + 2*w, 29 = -x + 2*w. Let z = -19 - x. What is the remainder when 10 is divided by z?
4
Let p = -3 + 2. Suppose -11 - 5 = -z. What is the remainder when (-5)/p*z/2 is divided by 14?
12
Let p = 255 - 151. Suppose -p = a + 3*a. Calculate the remainder when 1 + 0 - (a - 1) is divided by 15.
13
Suppose 0 = -3*i - 2*w - 95, 3*w - 4*w + 92 = -3*i. Let f = -19 - i. Let k(h) = -12*h - 1. Calculate the remainder when k(-2) is divided by f.
11
Let r(z) = -2*z**3 + 4*z**2 - 3*z - 4. Let d be r(-6). Suppose d = 5*b - 0*b. Let l = b + -73. What is the remainder when l is divided by 12?
9
Suppose -3*t = 5*m - 0*t - 135, -5*m + 130 = 2*t. What is the remainder when m is divided by 9?
6
Let f(b) = b - 4. Let y be f(8). Suppose 0 = 2*v + y. Calculate the remainder when -1 - v - -1*32 is divided by 17.
16
Suppose 5*x + 8 = 9*x. What is the remainder when 81 is divided by 2*x/4 - -20?
18
Suppose -2*d = 4, 0*d - d + 61 = 3*m. Calculate the remainder when 39 is divided by m.
18
Let c(b) = 4*b**2 + 1. Let h be c(-1). Suppose 0*z + z + h*u = 12, 6 = -3*u. Suppose -m - m = -z. Calculate the remainder when m is divided by 3.
2
Calculate the remainder when (112/40)/(2/40) is divided by 15.
11
Let k be (-10)/(-35) + (-180)/(-7). Let l = 10 - k. Let v = l - -41. What is the remainder when v is divided by 9?
7
Let c = 0 + 2. Let p = 2 + c. Calculate the remainder when 11 is divided by p.
3
Suppose -13*l + 12*l + 17 = 0. What is the remainder when 33 is divided by l?
16
Let w = 15 + -8. Let o = 2 - 0. What is the remainder when w is divided by (-2)/(((-1)/1)/o)?
3
Let o be -1*-3*2/2. Suppose l = -4*m + 2*l + 56, o*l = m - 25. Let x = m - -13. Calculate the remainder when x is divided by 7.
5
Suppose -2 = -x, -4*s = s - 5*x - 315. What is the remainder when s is divided by (-1)/2 - 70/(-4)?
14
Let v be 444/24 - 1/2. Suppose -4*f + 3*f + v = 0. What is the remainder when 35 is divided by f?
17
Let c = -47 - -49. What is the remainder when 3 is divided by c?
1
Suppose 0 = -n - 5*w - 14, -2*w - 5 = -2*n + 27. Suppose -4*h + 11 = y, 4*h = 3*y - 9 + 40. What is the remainder when n is divided by h?
3
Suppose 3*n - 129 - 132 = 0. Suppose 0 = -18*r - 52 + 376. What is the remainder when n is divided by r?
15
Let l = -6 - -21. Suppose 5*v = 2*v + l. What is the remainder when 18/(-2 + (4 - 1)) is divided by v?
3
Let c(f) = 5*f - 1 - f - 3*f. Let n = -3 - -6. Calculate the remainder when c(n) is divided by 1.
0
Let g = 160 + -109. Calculate the remainder when g is divided by 18.
15
Suppose -5 = -p - 3*j + 12, 2*p + 5*j = 29. Let b be -6*(-1 + (-1)/(-3)). Let g(v) = 2*v - 3. What is the remainder when g(b) is divided by p?
1
What is the remainder when (-1 - (-2)/4)*-358 is divided by 30?
29
Suppose -35 = -5*b + 2*c + 3*c, -c - 27 = -5*b. Suppose 0 = b*o - 4*i - 12 - 65, 5*o - 91 = -3*i. Calculate the remainder when 48 is divided by o.
14
Suppose 0 = 2*j - 7*j + 60. Suppose 0*t - t + j = 0. Suppose 2*i - l + 5*l = -t, -4*i = l - 11. Calculate the remainder when 6 is divided by i.
2
Suppose 112 = 4*l - 2*i, 4*l - 4*i - 70 = 34. Let n = -5 - -7. Suppose -59 = -4*v + 5*t, -3*v + t = n*t - 49. Calculate the remainder when l is divided by v.
14
Suppose -4*s = 4*m - 15 + 75, 4*m = -s - 45. What is the remainder when (-6)/15 + (-54)/m is divided by 2?
1
Suppose -4*a = 5*s - 5, -10 = -0*s + s + 3*a. What is the remainder when 7 is divided by s?
2
Suppose 2*v + 5*o = 42, 3*v = 6*v - 2*o - 101. What is the remainder when v is divided by 8?
7
Let w(z) = 2*z**2 + 18*z. Let g be w(-13). Suppose -g = -3*p - 4*q, -49 = -5*p + 4*q + 71. Calculate the remainder when p is divided by 15.
13
Suppose 21 = 3*l + 6. Let b = 1 + 1. Calculate the remainder when l is divided by b.
1
Suppose u + x = -0*u + 15, -u - 4*x = -6. Calculate the remainder when u is divided by 7.
4
Let c = -3 - -12. Let h = c + -5. Suppose 4*f = -h*k + 44, 2*f - 10 - 14 = -k. What is the remainder when 38 is divided by f?
12
Calculate the remainder when -6*19*1/(-2) is divided by 12.
9
Let m = -19 - -28. Let h = m - -24. What is the remainder when h is divided by 17?
16
Let c(r) = 3*r**2 - 3*r - 2. Suppose 0 = -4*t + 33 + 15. What is the remainder when c(-3) is divided by t?
10
Let t be (-9)/3 - 14/(-2). Let d = 9 - -7. Suppose 3*b = -2*j + 30, d = t*b - 5*j - 47. Calculate the remainder when 22 is divided by b.
10
Let g = 6 - 8. Calculate the remainder when 22 is divided by 16/(2 - (-2 - g)).
6
Let r = -14 - -34. Let n(y) = -5*y + 1. Let s be n(-4). Suppose -4*g - s = -7*g. What is the remainder when r is divided by g?
6
Suppose -5*b = -8*b + 159. Suppose o = -x + 6*o + 3, 0 = 4*x - 4*o - 60. What is the remainder when b is divided by x?
17
Let m = 66 - 29. Suppose 2*o + m = 129. What is the remainder when o is divided by 12?
10
Let d(v) = -v**2 + 2*v - 6. Let p be d(5). Let g = -80 - -92. Calculate the remainder when (0 - p - 0) + 2 is divided by g.
11
Let j be 1/(3/6) + -1. Suppose -4*n + 601 + 34 = -5*q, j = q. Suppose 2*x - n = -2*x. What is the remainder when x is divided by 14?
12
Let z(b) = -b**3 + 7*b**2 - 2*b - 2. Let r be z(5). Suppose 5*n = 22 + r. Calculate the remainder when 34 is divided by n.
10
Suppose -3*l = 3, 0 = -2*g + g + 3*l - 42. Let y = -29 - g. Let a = -77 - -108. What is the remainder when a is divided by y?
15
Let j = -15 - -19. Suppose -121 = -j*u + 11. Calculate the remainder when u is divided by 17.
16
Let l = 7 + -2. Suppose -121 = -l*a + i, -7*i + 2*i + 95 = 3*a. Calculate the remainder when a is divided by 9.
7
Let u(v) = 10*v. Let a be u(6). Suppose -3*b + 4*w - w = -a, 15 =